{"id":116,"date":"2023-06-25T14:47:47","date_gmt":"2023-06-25T14:47:47","guid":{"rendered":"https:\/\/orte-der-geografie.ch\/?page_id=116"},"modified":"2023-06-26T20:42:19","modified_gmt":"2023-06-26T20:42:19","slug":"matte","status":"publish","type":"page","link":"https:\/\/orte-der-geografie.ch\/?page_id=116","title":{"rendered":"Matte"},"content":{"rendered":"\n<figure class=\"wp-block-audio\"><audio controls src=\"https:\/\/orte-der-geografie.ch\/wp-content\/uploads\/2023\/06\/04_Matte.mp3\"><\/audio><\/figure>\n\n\n\n<p><strong>Wasser: Ressource und Gefahr<\/strong><\/p>\n\n\n\n<p>Wasser ist in vieler Weise bedeutend f\u00fcr St\u00e4dte. Das wird nirgends in Bern so klar wie in der Matte. Die Schwelle ist eines der \u00e4ltesten Bauwerke Bern (1218 erstmals erw\u00e4hnt). Hier fliesst die Aare \u00fcber eine Stufe. Ein Teil des Wassers wird in einem Kanal abgezweigt und fliesst durch die Matte. Um die Bedeutung des Wassers zu verstehen, brauchen wir nur einen Blick auf die Strassennamen zu werfen: Gerberngasse, Schifflaube, M\u00fchleplatz, Badgasse, Wasserwerkgasse, Aarstrasse. Es gibt das Restaurant Fischerst\u00fcbli, den Turbinensaal, die alte Schiffl\u00e4ndte. Damit sind die wichtigsten Funktionen des Wassers erw\u00e4hnt: Transportweg, Energiegewinnung, Brauchwasser, Fischerei.<\/p>\n\n\n\n<p>Als Transportweg wurde die Aare seit alters her genutzt. Schiffe fuhren an Markttagen ab Thun nach Bern, und Schiffe wurden aareaufw\u00e4rts nach Bern gezogen. Die Matte war Umlade- und Umschlagplatz. Transportg\u00fcter waren neben landwirtschaftlichen Erzeugnissen aus dem Oberland und Salz und Wein aus der Waadt auch das Holz oder die Schiffe selbst. Sie wurden flussabw\u00e4rts verkauft oder zerlegt. Fl\u00f6sse brachten Holz und gleichzeitig Waren. Die St\u00e4mme der Fl\u00f6sse wurde am \u201eAar-Zili\u201c (heute Marzili) aufget\u00fcrmt.<\/p>\n\n\n\n<p>Der Matte-Kanal f\u00fchrte das Wasser zur M\u00fchle und diente als Energiequelle f\u00fcr Gewerbe und Industrie. Daneben lieferte die Aare auch Brauchwasser f\u00fcr die Gerberei. An der Badgasse befand sich fr\u00fcher, als viele Haushalte nicht \u00fcber fliessendes Wasser verf\u00fcgten, eine \u00f6ffentliche Badegelegenheit &#8211; und ein Ort der Prostitution.<\/p>\n\n\n\n<p>Gleichzeitig ist Wasser auch ein Risiko, wie mehrere Hochwassermarken zeigen. Die gr\u00f6ssten Ereignisse der letzten Jahrzehnte waren das Hochwasser im Mai 1999, zu welchem neben anhaltenden Niederschl\u00e4gen f\u00fcr einmal auch Schneeschmelze beitrug, und das Hochwasser im August 2005, welches durch ein Tiefdruckgebiet auf einer sogenannte Vb-Zugbahn ausgel\u00f6st wurde.<\/p>\n\n\n\n<figure class=\"wp-block-image size-full\"><img loading=\"lazy\" decoding=\"async\" width=\"600\" height=\"800\" src=\"https:\/\/orte-der-geografie.ch\/wp-content\/uploads\/2023\/06\/Unbenannt.jpg\" alt=\"Matte in Bern: Hochwasser 1910 \" class=\"wp-image-117\" srcset=\"https:\/\/orte-der-geografie.ch\/wp-content\/uploads\/2023\/06\/Unbenannt.jpg 600w, https:\/\/orte-der-geografie.ch\/wp-content\/uploads\/2023\/06\/Unbenannt-225x300.jpg 225w\" sizes=\"auto, (max-width: 600px) 100vw, 600px\" \/><figcaption class=\"wp-element-caption\"><em>Matte in Bern: Hochwasser 1910 (Historischer Kalender 1911, <a href=\"https:\/\/www.e-periodica.ch\/digbib\/view?pid=hib-001%3A1911%3A184#93\" target=\"_blank\" rel=\"noreferrer noopener\">e-periodica<\/a>)<\/em><\/figcaption><\/figure>\n\n\n\n<figure class=\"wp-block-image size-full\"><img loading=\"lazy\" decoding=\"async\" width=\"896\" height=\"595\" src=\"https:\/\/orte-der-geografie.ch\/wp-content\/uploads\/2023\/06\/Bild2-1.jpg\" alt=\"Matte in Bern: Hochwasser 2005\" class=\"wp-image-118\" srcset=\"https:\/\/orte-der-geografie.ch\/wp-content\/uploads\/2023\/06\/Bild2-1.jpg 896w, https:\/\/orte-der-geografie.ch\/wp-content\/uploads\/2023\/06\/Bild2-1-300x199.jpg 300w, https:\/\/orte-der-geografie.ch\/wp-content\/uploads\/2023\/06\/Bild2-1-768x510.jpg 768w\" sizes=\"auto, (max-width: 896px) 100vw, 896px\" \/><figcaption class=\"wp-element-caption\"><em>Matte in Bern: Hochwasser 2005 (Andrea Campiche \/ CC BY-NC-ND 3.0)<\/em><\/figcaption><\/figure>\n\n\n\n<p>Das Mobiliar Lab f\u00fcr Naturrisiken am Geographischen Institut der Universit\u00e4t Bern simulierte die Hochwasser und Sch\u00e4den im vergangenen und zuk\u00fcnftigen Klima. In interaktiven Karten sind die Ergebnisse visualisiert (<a href=\"https:\/\/www.hochwasserrisiko.ch\/de\">https:\/\/www.hochwasserrisiko.ch\/de<\/a>), und das Portal sammelt Bilder vergangener Hochwasser. Heute steht ein integrales Risikomanagement im Zentrum, das eine breite Palette von Massnahmen umfasst, von Pr\u00e4vention \u00fcber Vorhersage und Warnung zu Objektschutz, Verbesserung der Kommunikationswege, bauliche Massnahmen und mobile Sperren. Letztere werden in der Matte eingesetzt. Der nasse Sommer 2021 in der Schweiz hat gezeigt, dass diese Strategie erfolgreich ist. Trotz hoher Abflussmengen waren die Sch\u00e4den gering.<\/p>\n\n\n\n<figure class=\"wp-block-image size-large\"><img loading=\"lazy\" decoding=\"async\" width=\"1024\" height=\"683\" src=\"https:\/\/orte-der-geografie.ch\/wp-content\/uploads\/2023\/06\/Bild3-1-1024x683.jpg\" alt=\"\" class=\"wp-image-120\" srcset=\"https:\/\/orte-der-geografie.ch\/wp-content\/uploads\/2023\/06\/Bild3-1-1024x683.jpg 1024w, https:\/\/orte-der-geografie.ch\/wp-content\/uploads\/2023\/06\/Bild3-1-300x200.jpg 300w, https:\/\/orte-der-geografie.ch\/wp-content\/uploads\/2023\/06\/Bild3-1-768x512.jpg 768w, https:\/\/orte-der-geografie.ch\/wp-content\/uploads\/2023\/06\/Bild3-1.jpg 1393w\" sizes=\"auto, (max-width: 1024px) 100vw, 1024px\" \/><figcaption class=\"wp-element-caption\"><em>Hochwassergefahrenkarte Bern, Stand 6\/2023 (Geoportal des Kantons Bern)<\/em><\/figcaption><\/figure>\n\n\n\n<p>Vor 150 Jahren war die Matte war ein Unterschichtquartier mit einem eigenen Soziolekt und der Geheimsprache Mattenenglisch (www.baernischeso.ch\/hoerbeitraege\/mattenenglisch-1). Die Stadt sorgte sich um grassierende Krankheiten und hohe Kindersterblichkeit. In der ersten H\u00e4lfte des 20. Jahrhunderts wurden H\u00e4userzeilen an der Badgasse und Gerberngasse ersetzt. In der 2. H\u00e4lfte des 20. Jahrhunderts setzte eine Gentrifizierung ein. Die Matte wurde zum Wohnort von Kulturschaffenden und Studierenden.<\/p>\n\n\n\n<p><strong>Quellen und weiterf\u00fchrende Information<\/strong><\/p>\n\n\n\n<p>Br\u00f6nnimann, S. et al. (2018) 1868 \u2013 das Hochwasser, das die Schweiz ver\u00e4nderte. Ursachen, Folgen und Lehren f\u00fcr die Zukunft. Geographica Bernensia <a href=\"http:\/\/www.giub.unibe.ch\/1868\">www.giub.unibe.ch\/1868<\/a><\/p>\n\n\n\n<figure class=\"wp-block-embed is-type-video is-provider-youtube wp-block-embed-youtube wp-embed-aspect-16-9 wp-has-aspect-ratio\"><div class=\"wp-block-embed__wrapper\">\n<iframe loading=\"lazy\" title=\"1868 - das Hochwasser, das die Schweiz pr\u00e4gte\" width=\"500\" height=\"281\" src=\"https:\/\/www.youtube.com\/embed\/l2AtsZWpsuU?feature=oembed\" frameborder=\"0\" allow=\"accelerometer; autoplay; clipboard-write; encrypted-media; gyroscope; picture-in-picture; web-share\" referrerpolicy=\"strict-origin-when-cross-origin\" allowfullscreen><\/iframe>\n<\/div><figcaption class=\"wp-element-caption\"><em>1868 &#8211; das Hochwasser, das die Schweiz pr\u00e4gte (Universit\u00e4t Bern, 2018)<\/em><\/figcaption><\/figure>\n\n\n\n<p>Mobiliar Lab f\u00fcr Naturrisiken. <a href=\"https:\/\/www.hochwasserrisiko.ch\/de\" target=\"_blank\" rel=\"noreferrer noopener\">Forschungsinitiative Hochwasserrisiko<\/a> &#8211; Vom Verstehen zum Handeln.<\/p>\n\n\n\n<ul class=\"wp-block-list\">\n<li><a href=\"https:\/\/ueberschwemmungsgedaechtnis.hochwasserrisiko.ch\/de\/home\" target=\"_blank\" rel=\"noreferrer noopener\">\u00dcberschwemmungsged\u00e4chtnis<\/a><\/li>\n\n\n\n<li><a href=\"http:\/\/www.risikodynamik.ch\" target=\"_blank\" rel=\"noreferrer noopener\">Risikodynamik<\/a><\/li>\n\n\n\n<li><a rel=\"noreferrer noopener\" href=\"http:\/\/www.schadenpotenzial.ch\" target=\"_blank\">Schadenpotenzial Hochwasser<\/a><\/li>\n<\/ul>\n\n\n\n<p>Stadttouren von B\u00e4rn Isch Eso:<\/p>\n\n\n\n<ul class=\"wp-block-list\">\n<li><a rel=\"noreferrer noopener\" href=\"https:\/\/www.baernischeso.ch\/lieblingstouren\/wie-riecht-bern\/matte\" target=\"_blank\">Wie riecht Bern? Matte<\/a><\/li>\n\n\n\n<li><a rel=\"noreferrer noopener\" href=\"https:\/\/www.baernischeso.ch\/hoerbeitraege\/mattenenglisch-1\" target=\"_blank\">Mattenenglisch<\/a><\/li>\n<\/ul>\n","protected":false},"excerpt":{"rendered":"<p>Wasser: Ressource und Gefahr Wasser ist in vieler Weise bedeutend f\u00fcr St\u00e4dte. Das wird nirgends in Bern so klar wie in der Matte. Die Schwelle ist eines der \u00e4ltesten Bauwerke Bern (1218 erstmals erw\u00e4hnt). Hier fliesst die Aare \u00fcber eine Stufe. Ein Teil des Wassers wird in einem Kanal abgezweigt und fliesst durch die Matte. [&hellip;]<\/p>\n","protected":false},"author":1,"featured_media":0,"parent":0,"menu_order":0,"comment_status":"closed","ping_status":"closed","template":"","meta":{"footnotes":""},"class_list":["post-116","page","type-page","status-publish","hentry"],"_links":{"self":[{"href":"https:\/\/orte-der-geografie.ch\/index.php?rest_route=\/wp\/v2\/pages\/116","targetHints":{"allow":["GET"]}}],"collection":[{"href":"https:\/\/orte-der-geografie.ch\/index.php?rest_route=\/wp\/v2\/pages"}],"about":[{"href":"https:\/\/orte-der-geografie.ch\/index.php?rest_route=\/wp\/v2\/types\/page"}],"author":[{"embeddable":true,"href":"https:\/\/orte-der-geografie.ch\/index.php?rest_route=\/wp\/v2\/users\/1"}],"replies":[{"embeddable":true,"href":"https:\/\/orte-der-geografie.ch\/index.php?rest_route=%2Fwp%2Fv2%2Fcomments&post=116"}],"version-history":[{"count":3,"href":"https:\/\/orte-der-geografie.ch\/index.php?rest_route=\/wp\/v2\/pages\/116\/revisions"}],"predecessor-version":[{"id":143,"href":"https:\/\/orte-der-geografie.ch\/index.php?rest_route=\/wp\/v2\/pages\/116\/revisions\/143"}],"wp:attachment":[{"href":"https:\/\/orte-der-geografie.ch\/index.php?rest_route=%2Fwp%2Fv2%2Fmedia&parent=116"}],"curies":[{"name":"wp","href":"https:\/\/api.w.org\/{rel}","templated":true}]}}