{"id":160,"date":"2023-06-26T21:26:39","date_gmt":"2023-06-26T21:26:39","guid":{"rendered":"https:\/\/orte-der-geografie.ch\/?page_id=160"},"modified":"2023-06-26T21:28:30","modified_gmt":"2023-06-26T21:28:30","slug":"restaurant-zunft-zu-webern","status":"publish","type":"page","link":"https:\/\/orte-der-geografie.ch\/?page_id=160","title":{"rendered":"Zunft zu Webern"},"content":{"rendered":"\n<figure class=\"wp-block-audio\"><audio controls src=\"https:\/\/orte-der-geografie.ch\/wp-content\/uploads\/2023\/06\/05_Webern.mp3\"><\/audio><\/figure>\n\n\n\n<p><em>Die Berner Geographische Gesellschaft<\/em><\/p>\n\n\n\n<p>Am 15. Mai 1873 abends um halb acht trafen sich in der Zunftstube zu Webern \u201eFreunde der geographischen Wissenschaft\u201c. Ziel war die Gr\u00fcndung der Berner Geographischen Gesellschaft. Diese feiert 2023 ihr 150-j\u00e4hriges Bestehen. Dieser Stadtf\u00fchrer ist Teil der Jubil\u00e4umsaktivit\u00e4ten.<\/p>\n\n\n\n<figure class=\"wp-block-image size-full\"><img loading=\"lazy\" decoding=\"async\" width=\"439\" height=\"161\" src=\"https:\/\/orte-der-geografie.ch\/wp-content\/uploads\/2023\/06\/Bild1-3.jpg\" alt=\"Zeitungsannonce zur Gr\u00fcndung der Geographischen Gesellschaft aus dem \u201eIntelligenzblatt f\u00fcr die Stadt Bern\u201c vom 15. Mai, 1873\" class=\"wp-image-158\" srcset=\"https:\/\/orte-der-geografie.ch\/wp-content\/uploads\/2023\/06\/Bild1-3.jpg 439w, https:\/\/orte-der-geografie.ch\/wp-content\/uploads\/2023\/06\/Bild1-3-300x110.jpg 300w\" sizes=\"auto, (max-width: 439px) 100vw, 439px\" \/><figcaption class=\"wp-element-caption\"><em>Zeitungsannonce zur Gr\u00fcndung der Geographischen Gesellschaft aus dem \u201eIntelligenzblatt f\u00fcr die Stadt Bern\u201c vom 15. Mai, 1873<\/em><\/figcaption><\/figure>\n\n\n\n<figure class=\"wp-block-image size-full\"><img loading=\"lazy\" decoding=\"async\" width=\"439\" height=\"132\" src=\"https:\/\/orte-der-geografie.ch\/wp-content\/uploads\/2023\/06\/Bild2-4.jpg\" alt=\"Zeitungsannoncen zur Gr\u00fcndung der Geographischen Gesellschaft aus dem dem \u201eBund\u201c (5. Juli 1873)\" class=\"wp-image-159\" srcset=\"https:\/\/orte-der-geografie.ch\/wp-content\/uploads\/2023\/06\/Bild2-4.jpg 439w, https:\/\/orte-der-geografie.ch\/wp-content\/uploads\/2023\/06\/Bild2-4-300x90.jpg 300w\" sizes=\"auto, (max-width: 439px) 100vw, 439px\" \/><figcaption class=\"wp-element-caption\"><em>Zeitungsannonce zur Gr\u00fcndung der Geographischen Gesellschaft aus dem dem \u201eBund\u201c (5. Juli 1873)<\/em><\/figcaption><\/figure>\n\n\n\n<p>Die Gr\u00fcndungszeit war gepr\u00e4gt durch den Wettlauf um Kolonien und um die Vormacht im Welthandel und damit um Absatzm\u00e4rkte f\u00fcr Industrieprodukte. Gleichzeitig war es eine Epoche der Institutionalisierung der Wissenschaft. Geographisches Wissen wurde relevant, es ging um Naturbeschreibung, L\u00e4nderkunde, insbesondere um Handel und Verkehr. Geographie war aber an den Schweizer Universit\u00e4ten kaum vertreten. In den 1870er-Jahren bef\u00fcrchtete man, mit den Entwicklungen im Ausland nicht mithalten zu k\u00f6nnen; es fehlten Lehrst\u00fchle. Deshalb wurde in Bern 1873 die zweite Geographische Gesellschaft der Schweiz gegr\u00fcndet. Ziele waren die F\u00f6rderung der Geographie durch Schaffen von Lehrst\u00fchlen und durch ein \u00f6ffentliches Vortragsprogramm, das Erstellen von Lehrmitteln und das Organisieren von wissenschaftlichen Kongressen und Exkursionen.<\/p>\n\n\n\n<p>In vielen Vortr\u00e4gen ging es um ferne L\u00e4nder. Sie waren exotische Orte, Auswanderungsziele oder m\u00f6gliche Handelspartner. Den Beschreibungen haftete eine koloniale Haltung an, es gab herablassende und rassistische \u00c4usserungen, aber auch differenziertere Beschreibungen. Andere Vortr\u00e4ge behandelten Themen aus der Schweiz. Ein wichtiger Teil der Aktivit\u00e4ten waren Exkursionen.<\/p>\n\n\n\n<p>Anfangs war die Gesellschaft auch ein politisches Netzwerk. Unter den Mitgliedern waren Bundesr\u00e4te, Regierungsr\u00e4te, hohe Beamte. Von 1888-1900 war der Berner Erziehungsminister Albert Gobat Pr\u00e4sident der Gesellschaft. Dass in Bern 1886 die schweizweit erste Professur f\u00fcr Geographie geschaffen wurde, war auch sein Verdienst. Unter Gobat \u00f6ffnete sich die Universit\u00e4t international, in seine Zeit als Regierungsrat f\u00e4llt der Bau des Hauptgeb\u00e4udes.<\/p>\n\n\n\n<figure class=\"wp-block-image size-full\"><img loading=\"lazy\" decoding=\"async\" width=\"128\" height=\"181\" src=\"https:\/\/orte-der-geografie.ch\/wp-content\/uploads\/2023\/06\/Bild3-3.jpg\" alt=\"Albert Gobat\" class=\"wp-image-157\"\/><figcaption class=\"wp-element-caption\"><em>Albert Gobat, 1888-1900 Pr\u00e4sident der Geographischen Gesellschaft, 30 Jahre lang Regierungsrat, 30 Jahre lang Bundesparlamentarier, Friedensnobelpreistr\u00e4ger (wikipedia). <\/em><\/figcaption><\/figure>\n\n\n\n<p>\u00dcber 25 Jahre im Vorstand war auch \u00c9lie Ducommun. Gobat und Ducommun engagierten sich jahrzehntelang f\u00fcr den Frieden und waren treibende Kr\u00e4fte in der Interparlamentarischen Union und dem Internationalen Friedensb\u00fcro. Beide Institutionen hatten ihren Sitz in Bern. 1902 wurden die beiden M\u00e4nner mit dem Friedensnobelpreis ausgezeichnet. 1910 erhielt das Internationale Friedensb\u00fcro (damals unter der Leitung von Gobat, vorher unter der Leitung von Ducommun) als Institution den Friedensnobelpreis. Bern war vor dem Ersten Weltkrieg ein Zentrum der internationalen Friedensbewegung und Sitz zahlreicher internationaler Organisationen.<\/p>\n\n\n\n<p>Allerdings zogen immer mehr Organisationen weg, oft nach Genf, so 1911 die Interparlamentarische Union und 1924 das Internationale Friedensb\u00fcro. Heute haben noch drei internationale Organisationen ihren Sitz in Bern: das Internationale Eisenbahntransportkomitee, die Zwischenstaatliche Organisation f\u00fcr den internationalen Eisenbahnverkehr und der Weltpostverein. Albert Gobat und Elie Ducommun gerieten dagegen lange Zeit in Vergessenheit. Er seit kurzem erinnert ein Kunstwerk im Rathaus an Gobat, auf eine Erinnerung an Ducommun warten wir in Bern noch immer.<\/p>\n\n\n\n<p><strong>Quellen und weiterf\u00fchrende Information<\/strong><\/p>\n\n\n\n<p>Cooperaxion: <a href=\"https:\/\/bern-kolonial.ch\/wilkommen\" target=\"_blank\" rel=\"noreferrer noopener\">Bern Kolonial<\/a><\/p>\n\n\n\n<p>Stadttour B\u00e4rn Isch Eso: <a href=\"https:\/\/www.baernischeso.ch\/lieblingstouren\/wappentour\/zunft-zu-webern\" target=\"_blank\" rel=\"noreferrer noopener\">Zunft zu Webern<\/a><\/p>\n","protected":false},"excerpt":{"rendered":"<p>Die Berner Geographische Gesellschaft Am 15. Mai 1873 abends um halb acht trafen sich in der Zunftstube zu Webern \u201eFreunde der geographischen Wissenschaft\u201c. Ziel war die Gr\u00fcndung der Berner Geographischen Gesellschaft. Diese feiert 2023 ihr 150-j\u00e4hriges Bestehen. Dieser Stadtf\u00fchrer ist Teil der Jubil\u00e4umsaktivit\u00e4ten. Die Gr\u00fcndungszeit war gepr\u00e4gt durch den Wettlauf um Kolonien und um die [&hellip;]<\/p>\n","protected":false},"author":1,"featured_media":0,"parent":0,"menu_order":0,"comment_status":"closed","ping_status":"closed","template":"","meta":{"footnotes":""},"class_list":["post-160","page","type-page","status-publish","hentry"],"_links":{"self":[{"href":"https:\/\/orte-der-geografie.ch\/index.php?rest_route=\/wp\/v2\/pages\/160","targetHints":{"allow":["GET"]}}],"collection":[{"href":"https:\/\/orte-der-geografie.ch\/index.php?rest_route=\/wp\/v2\/pages"}],"about":[{"href":"https:\/\/orte-der-geografie.ch\/index.php?rest_route=\/wp\/v2\/types\/page"}],"author":[{"embeddable":true,"href":"https:\/\/orte-der-geografie.ch\/index.php?rest_route=\/wp\/v2\/users\/1"}],"replies":[{"embeddable":true,"href":"https:\/\/orte-der-geografie.ch\/index.php?rest_route=%2Fwp%2Fv2%2Fcomments&post=160"}],"version-history":[{"count":3,"href":"https:\/\/orte-der-geografie.ch\/index.php?rest_route=\/wp\/v2\/pages\/160\/revisions"}],"predecessor-version":[{"id":163,"href":"https:\/\/orte-der-geografie.ch\/index.php?rest_route=\/wp\/v2\/pages\/160\/revisions\/163"}],"wp:attachment":[{"href":"https:\/\/orte-der-geografie.ch\/index.php?rest_route=%2Fwp%2Fv2%2Fmedia&parent=160"}],"curies":[{"name":"wp","href":"https:\/\/api.w.org\/{rel}","templated":true}]}}