{"id":51,"date":"2023-05-23T15:41:35","date_gmt":"2023-05-23T15:41:35","guid":{"rendered":"https:\/\/orte-der-geografie.ch\/?page_id=51"},"modified":"2023-06-22T16:11:53","modified_gmt":"2023-06-22T16:11:53","slug":"ansermetplatz-2","status":"publish","type":"page","link":"https:\/\/orte-der-geografie.ch\/?page_id=51","title":{"rendered":"Ansermetplatz"},"content":{"rendered":"\n<figure class=\"wp-block-audio\"><audio controls src=\"https:\/\/orte-der-geografie.ch\/wp-content\/uploads\/2023\/05\/Ansermetplatz.mp3\"><\/audio><\/figure>\n\n\n\n<p><strong>Schnelle Entwicklung in Berns Westen<\/strong><\/p>\n\n\n\n<p>Den Ansermetplatz gibt es erst seit 2008. Er wurde als Bindeglied zwischen den Quartieren G\u00e4belbach, Holenacker und dem neuen Stadtquartier Br\u00fcnnen geplant. Aber bereits 2021 wurde der Platz umgestaltet. Der schattenlose, asphaltierte Platz war im Sommer eine Hitzefalle und zeigt die Herausforderungen der Stadtentwicklung im Zeitater der Klimaerw\u00e4rmung.<br>Wie aus Landwirtschaftsland ein Asphaltplatz wurde, ist beispielhaft f\u00fcr die zunehmende Landnahme und Urbanisierung im Westen der Stadt. Die Bev\u00f6lkerung der Stadt Bern begann ab ca. 1900 stark zu wachsen, insbesondere nach dem zweiten Weltkrieg (Abb. 1). Wohnraum wurde knapp, und die Stadt erwarb Land im Westen von Bern, um g\u00fcnstige Wohnungen zu bauen. So entstanden die Siedlungen Tscharnergut (1958-1965) und, an diesem Standort, G\u00e4belbach (1965-1968). Die Siedlung lag damals noch vor der Stadt im Gr\u00fcnen. Sp\u00e4ter wurde die Autobahn A1 gebaut, die unmittelbar an der Siedlung vorbeif\u00fchrt (Abb. 2).<\/p>\n\n\n\n<figure class=\"wp-block-image size-full\"><img loading=\"lazy\" decoding=\"async\" width=\"872\" height=\"375\" src=\"https:\/\/orte-der-geografie.ch\/wp-content\/uploads\/2023\/05\/BevoelkerungStadtBern.jpg\" alt=\"\" class=\"wp-image-55\" srcset=\"https:\/\/orte-der-geografie.ch\/wp-content\/uploads\/2023\/05\/BevoelkerungStadtBern.jpg 872w, https:\/\/orte-der-geografie.ch\/wp-content\/uploads\/2023\/05\/BevoelkerungStadtBern-300x129.jpg 300w, https:\/\/orte-der-geografie.ch\/wp-content\/uploads\/2023\/05\/BevoelkerungStadtBern-768x330.jpg 768w\" sizes=\"auto, (max-width: 872px) 100vw, 872px\" \/><figcaption class=\"wp-element-caption\"><em>Abb.1: Bev\u00f6lkerungsentwicklung der Stadt Bern seit 1850 (Statistik Stadt Bern)<\/em><\/figcaption><\/figure>\n\n\n\n<figure class=\"wp-block-image size-full\"><img loading=\"lazy\" decoding=\"async\" width=\"1024\" height=\"724\" src=\"https:\/\/orte-der-geografie.ch\/wp-content\/uploads\/2023\/05\/LBS_H1-028227-1.jpg\" alt=\"\" class=\"wp-image-56\" srcset=\"https:\/\/orte-der-geografie.ch\/wp-content\/uploads\/2023\/05\/LBS_H1-028227-1.jpg 1024w, https:\/\/orte-der-geografie.ch\/wp-content\/uploads\/2023\/05\/LBS_H1-028227-1-300x212.jpg 300w, https:\/\/orte-der-geografie.ch\/wp-content\/uploads\/2023\/05\/LBS_H1-028227-1-768x543.jpg 768w\" sizes=\"auto, (max-width: 1024px) 100vw, 1024px\" \/><figcaption class=\"wp-element-caption\"><em>Abb. 2: Flugaufnahme des G\u00e4belbachs im Sommer 1969 (ETH Bibliothek Z\u00fcrich).<\/em><\/figcaption><\/figure>\n\n\n\n<figure class=\"wp-block-image size-large\"><img loading=\"lazy\" decoding=\"async\" width=\"855\" height=\"1024\" src=\"https:\/\/orte-der-geografie.ch\/wp-content\/uploads\/2023\/05\/StaedtischeWaermeinsel-855x1024.png\" alt=\"\" class=\"wp-image-58\" srcset=\"https:\/\/orte-der-geografie.ch\/wp-content\/uploads\/2023\/05\/StaedtischeWaermeinsel-855x1024.png 855w, https:\/\/orte-der-geografie.ch\/wp-content\/uploads\/2023\/05\/StaedtischeWaermeinsel-250x300.png 250w, https:\/\/orte-der-geografie.ch\/wp-content\/uploads\/2023\/05\/StaedtischeWaermeinsel-768x920.png 768w, https:\/\/orte-der-geografie.ch\/wp-content\/uploads\/2023\/05\/StaedtischeWaermeinsel.png 884w\" sizes=\"auto, (max-width: 855px) 100vw, 855px\" \/><figcaption class=\"wp-element-caption\"><em>Abb. 3: Einflussfaktoren des st\u00e4dtischen W\u00e4rmeinseleffekts und Temperaturverlauf \u00fcber einer schematisierten Stadt kurz nach Sonnenuntergang <\/em><\/figcaption><\/figure>\n\n\n\n<p><strong>Stadtklima<\/strong><\/p>\n\n\n\n<p>Mit der Stadterweiterung ver\u00e4nderte sich auch das Klima. Auf versiegelten Fl\u00e4chen ohne Begr\u00fcnung steht kaum Wasser f\u00fcr die Verdunstung zur Verf\u00fcgung. Strahlungsenergie wird direkt in W\u00e4rme umgesetzt, die zudem in den Geb\u00e4udeh\u00fcllen und den versiegelten Fl\u00e4chen gespeichert wird. Geb\u00e4ude vermindern die Abstrahlung und die Luftzirkulation (Abb. 3). Als Folge davon sind St\u00e4dte besonders in der Nacht oft mehrere Grade w\u00e4rmer als das Umland. Auch in der Stadt Bern gibt es diesen W\u00e4rmeinseleffekt. Sogenannte Tropenn\u00e4chte, das sind N\u00e4chte in denen die Temperatur nicht unter 20 Grad Celsius f\u00e4llt, kommen im Umland kaum vor, aber in der Innenstadt 5-10 mal pro Sommer. Mit dem Klimawandel wird die Schwelle noch h\u00e4ufiger \u00fcberschritten werden (Abb. 4).<\/p>\n\n\n\n<p>Nicht nur die Anzahl Tropenn\u00e4chte, auch die Mitteltemperatur nimmt durch den W\u00e4rmeinseleffekt zu. Das l\u00e4sst sich am Ansermetplatz absch\u00e4tzen, wo das Geographische Institut bereits 1973 &#8211; damals lag die Station noch im Gr\u00fcnen \u2013 Temperaturmessungen durchf\u00fchrte und seit einigen Jahren wieder misst. Die n\u00e4chtliche Sommertemperatur hat weit \u00fcber ein Grad zugenommen, wovon 10-20% dem W\u00e4rmeinseleffekt, der Rest dem Klimawandel geschuldet sind.<\/p>\n\n\n\n<p>Obschon der st\u00e4dtische W\u00e4rmeinseleffekt l\u00e4ngst bekannt ist, wurde in der Stadtplanung lange kaum darauf geachtet, so auch beim Bau des Ansermetplatzes 2007. Mittlerweile ist das Problem erkannt und Aufwertungsprojekte sind im Gang. Dabei geht es nicht nur um die klimatische Wirkung (Abb. 4), sondern auch darum, den Platz als Begenungsort neu zu beleben.<\/p>\n\n\n\n<figure class=\"wp-block-image size-full\"><img loading=\"lazy\" decoding=\"async\" width=\"878\" height=\"766\" src=\"https:\/\/orte-der-geografie.ch\/wp-content\/uploads\/2023\/05\/TagestiefsttempZollikofen.png\" alt=\"\" class=\"wp-image-61\" srcset=\"https:\/\/orte-der-geografie.ch\/wp-content\/uploads\/2023\/05\/TagestiefsttempZollikofen.png 878w, https:\/\/orte-der-geografie.ch\/wp-content\/uploads\/2023\/05\/TagestiefsttempZollikofen-300x262.png 300w, https:\/\/orte-der-geografie.ch\/wp-content\/uploads\/2023\/05\/TagestiefsttempZollikofen-768x670.png 768w\" sizes=\"auto, (max-width: 878px) 100vw, 878px\" \/><figcaption class=\"wp-element-caption\"><em>Abb. 4. Tagestiefsttemperaturen in Zollikofen, 1950-2021 (Geographisches Institut der Universit\u00e4t Bern). <\/em><\/figcaption><\/figure>\n\n\n\n<figure class=\"wp-block-image size-large\"><img loading=\"lazy\" decoding=\"async\" width=\"1024\" height=\"468\" src=\"https:\/\/orte-der-geografie.ch\/wp-content\/uploads\/2023\/05\/OberflaechentempAnsermetplatz-1024x468.png\" alt=\"\" class=\"wp-image-60\" srcset=\"https:\/\/orte-der-geografie.ch\/wp-content\/uploads\/2023\/05\/OberflaechentempAnsermetplatz-1024x468.png 1024w, https:\/\/orte-der-geografie.ch\/wp-content\/uploads\/2023\/05\/OberflaechentempAnsermetplatz-300x137.png 300w, https:\/\/orte-der-geografie.ch\/wp-content\/uploads\/2023\/05\/OberflaechentempAnsermetplatz-768x351.png 768w, https:\/\/orte-der-geografie.ch\/wp-content\/uploads\/2023\/05\/OberflaechentempAnsermetplatz.png 1314w\" sizes=\"auto, (max-width: 1024px) 100vw, 1024px\" \/><figcaption class=\"wp-element-caption\"><em>Abb. 5. Oberfl\u00e4chentemperatur des Ansermetplatz\u2018 vor und w\u00e4hrend des Projekts der Kunstachse 2021 (Geographisches Institut der Universit\u00e4t Bern). <\/em><\/figcaption><\/figure>\n\n\n\n<p><strong>Weiterf\u00fchrende Informationen<\/strong><\/p>\n\n\n\n<figure class=\"wp-block-embed is-type-video is-provider-youtube wp-block-embed-youtube wp-embed-aspect-16-9 wp-has-aspect-ratio\"><div class=\"wp-block-embed__wrapper\">\n<iframe loading=\"lazy\" title=\"Klimawandel und Sommerhitze\" width=\"500\" height=\"281\" src=\"https:\/\/www.youtube.com\/embed\/erd6M-wbv6I?feature=oembed\" frameborder=\"0\" allow=\"accelerometer; autoplay; clipboard-write; encrypted-media; gyroscope; picture-in-picture; web-share\" referrerpolicy=\"strict-origin-when-cross-origin\" allowfullscreen><\/iframe>\n<\/div><figcaption class=\"wp-element-caption\"><em>Klimawandel und Sommerhitze, Teil 4 (Urban Climate Bern)<\/em><\/figcaption><\/figure>\n\n\n\n<p>Burger, Moritz; Gubler, Moritz; Br\u00f6nnimann, Stefan; Vicedo-Cabrera, Ana; Winkel, Mirko (2022). <a href=\"http:\/\/www.giub.unibe.ch\/stadthitze\"><em>Berns Westen im (Klima-) Wandel. Wie sich Stadtentwicklung und Klimawandel auf das sommerliche Mikroklima auswirken<\/em>.<\/a> Fachbeitrag zu Berner Geographische Mitteilungen 2021, (Reihe G Grundlagenforschung G99). Bern: Geographica Bernensia. (<a href=\"https:\/\/boris.unibe.ch\/171621\/1\/G99_Ansermetplatz_A4_3.pdf\">PDF herunterladen<\/a>)<\/p>\n","protected":false},"excerpt":{"rendered":"<p>Schnelle Entwicklung in Berns Westen Den Ansermetplatz gibt es erst seit 2008. Er wurde als Bindeglied zwischen den Quartieren G\u00e4belbach, Holenacker und dem neuen Stadtquartier Br\u00fcnnen geplant. Aber bereits 2021 wurde der Platz umgestaltet. Der schattenlose, asphaltierte Platz war im Sommer eine Hitzefalle und zeigt die Herausforderungen der Stadtentwicklung im Zeitater der Klimaerw\u00e4rmung.Wie aus Landwirtschaftsland [&hellip;]<\/p>\n","protected":false},"author":1,"featured_media":0,"parent":0,"menu_order":0,"comment_status":"closed","ping_status":"closed","template":"","meta":{"footnotes":""},"class_list":["post-51","page","type-page","status-publish","hentry"],"_links":{"self":[{"href":"https:\/\/orte-der-geografie.ch\/index.php?rest_route=\/wp\/v2\/pages\/51","targetHints":{"allow":["GET"]}}],"collection":[{"href":"https:\/\/orte-der-geografie.ch\/index.php?rest_route=\/wp\/v2\/pages"}],"about":[{"href":"https:\/\/orte-der-geografie.ch\/index.php?rest_route=\/wp\/v2\/types\/page"}],"author":[{"embeddable":true,"href":"https:\/\/orte-der-geografie.ch\/index.php?rest_route=\/wp\/v2\/users\/1"}],"replies":[{"embeddable":true,"href":"https:\/\/orte-der-geografie.ch\/index.php?rest_route=%2Fwp%2Fv2%2Fcomments&post=51"}],"version-history":[{"count":7,"href":"https:\/\/orte-der-geografie.ch\/index.php?rest_route=\/wp\/v2\/pages\/51\/revisions"}],"predecessor-version":[{"id":112,"href":"https:\/\/orte-der-geografie.ch\/index.php?rest_route=\/wp\/v2\/pages\/51\/revisions\/112"}],"wp:attachment":[{"href":"https:\/\/orte-der-geografie.ch\/index.php?rest_route=%2Fwp%2Fv2%2Fmedia&parent=51"}],"curies":[{"name":"wp","href":"https:\/\/api.w.org\/{rel}","templated":true}]}}